0
What is the remainder when 28058 is divided by 81?
32
What is the remainder when 929608 is divided by 34?
14
Calculate the remainder when 17150 is divided by 505.
485
Calculate the remainder when 1466 is divided by 1038.
428
Calculate the remainder when 1918084 is divided by 299.
298
Calculate the remainder when 3128 is divided by 388.
24
What is the remainder when 102290 is divided by 51142?
6
Calculate the remainder when 1736593 is divided by 7.
5
What is the remainder when 1820674 is divided by 44?
42
Calculate the remainder when 13374 is divided by 4438.
60
Calculate the remainder when 47992 is divided by 496.
376
Calculate the remainder when 471218 is divided by 157070.
8
What is the remainder when 1454440 is divided by 21708?
4
Calculate the remainder when 2793 is divided by 87.
9
Calculate the remainder when 47729 is divided by 746.
731
What is the remainder when 14341992 is divided by 409?
407
Calculate the remainder when 1909943 is divided by 14.
7
Calculate the remainder when 469418 is divided by 156469.
11
What is the remainder when 318946 is divided by 13289?
10
What is the remainder when 11089 is divided by 76?
69
What is the remainder when 19171 is divided by 390?
61
Calculate the remainder when 1793 is divided by 522.
227
What is the remainder when 178034 is divided by 47?
45
What is the remainder when 137189 is divided by 85?
84
What is the remainder when 166768 is divided by 17?
15
What is the remainder when 8202 is divided by 294?
264
Calculate the remainder when 41141 is divided by 10282.
13
Calculate the remainder when 244865 is divided by 122424.
17
Calculate the remainder when 448 is divided by 279.
169
Calculate the remainder when 428681 is divided by 26.
19
Calculate the remainder when 187690 is divided by 158.
144
What is the remainder when 29649 is divided by 277?
10
What is the remainder when 10041 is divided by 674?
605
What is the remainder when 272403 is divided by 51?
12
Calculate the remainder when 30672 is divided by 506.
312
Calculate the remainder when 21290 is divided by 62.
24
What is the remainder when 30337 is divided by 185?
182
What is the remainder when 169499 is divided by 3?
2
What is the remainder when 208 is divided by 2?
0
Calculate the remainder when 1322 is divided by 340.
302
Calculate the remainder when 180387 is divided by 70.
67
Calculate the remainder when 460549 is divided by 2647.
2618
Calculate the remainder when 5368 is divided by 42.
34
Calculate the remainder when 4256 is divided by 533.
525
What is the remainder when 404210 is divided by 22?
4
What is the remainder when 2560 is divided by 1268?
24
Calculate the remainder when 268200 is divided by 11175.
0
Calculate the remainder when 440813 is divided by 40073.
10
Calculate the remainder when 1336 is divided by 309.
100
Calculate the remainder when 12046 is divided by 2006.
10
Calculate the remainder when 33920 is divided by 1365.
1160
Calculate the remainder when 82205 is divided by 13678.
137
Calculate the remainder when 14767 is divided by 318.
139
What is the remainder when 2169 is divided by 316?
273
Calculate the remainder when 884 is divided by 36.
20
What is the remainder when 26915 is divided by 63?
14
What is the remainder when 23877 is divided by 35?
7
Calculate the remainder when 261279 is divided by 92.
91
What is the remainder when 31348 is divided by 25?
23
Calculate the remainder when 141721 is divided by 28323.
106
What is the remainder when 1101 is divided by 1069?
32
What is the remainder when 9386 is divided by 14?
6
Calculate the remainder when 809037 is divided by 5.
2
What is the remainder when 126787 is divided by 164?
15
What is the remainder when 4268 is divided by 581?
201
Calculate the remainder when 1419 is divided by 387.
258
Calculate the remainder when 4342 is divided by 539.
30
Calculate the remainder when 17562 is divided by 251.
243
Calculate the remainder when 179983 is divided by 59990.
13
Calculate the remainder when 48767 is divided by 160.
127
What is the remainder when 45850 is divided by 7641?
4
What is the remainder when 1077 is divided by 686?
391
What is the remainder when 4832 is divided by 347?
321
Calculate the remainder when 66300 is divided by 22048.
156
Calculate the remainder when 12433 is divided by 1129.
14
What is the remainder when 106982 is divided by 64?
38
What is the remainder when 5501 is divided by 369?
335
Calculate the remainder when 1217 is divided by 203.
202
Calculate the remainder when 48272 is divided by 27.
23
What is the remainder when 24530 is divided by 222?
110
What is the remainder when 380953 is divided by 327?
325
Calculate the remainder when 5259003 is divided by 27.
24
What is the remainder when 2729 is divided by 67?
49
Calculate the remainder when 23622 is divided by 246.
6
What is the remainder when 174253 is divided by 56?
37
What is the remainder when 607 is divided by 177?
76
Calculate the remainder when 2964 is divided by 968.
60
Calculate the remainder when 58044 is divided by 299.
38
Calculate the remainder when 14061 is divided by 41.
39
Calculate the remainder when 17786 is divided by 8886.
14
Calculate the remainder when 4179 is divided by 229.
57
What is the remainder when 2928 is divided by 21?
9
Calculate the remainder when 7252 is divided by 794.
106
What is the remainder when 14577 is divided by 25?
2
What is the remainder when 14577 is divided by 7082?
413
What is the remainder when 80132 is divided by 3338?
20
What is the remainder when 41030 is divided by 10256?
6
Calculate the remainder when 4691 is divided by 123.
17
What is the remainder when 7544 is divided by 1505?
19
Calculate the remainder when 10305 is divided by 99.
9
Calculate the remainder when 22803 is divided by 240.
3
What is the remainder when 556507 is divided by 32?
27
What is the remainder when 1370 is divided by 107?
86
Calculate the remainder when 335258 is divided by 111749.
11
What is the remainder when 2885 is divided by 195?
155
Calculate the remainder when 315895 is divided by 87.
85
What is the remainder when 30228 is divided by 3014?
88
Calculate the remainder when 74856 is divided by 1188.
12
What is the remainder when 8349 is divided by 232?
229
Calculate the remainder when 842397 is divided by 324.
321
What is the remainder when 33319 is divided by 387?
37
Calculate the remainder when 64386 is divided by 16079.
70
Calculate the remainder when 8763 is divided by 78.
27
Calculate the remainder when 4761 is divided by 38.
11
What is the remainder when 44673 is divided by 12?
9
Calculate the remainder when 66660 is divided by 22.
0
Calculate the remainder when 54916 is divided by 137.
116
Calculate the remainder when 2512 is divided by 2255.
257
Calculate the remainder when 2681 is divided by 335.
1
What is the remainder when 3177 is divided by 1569?
39
What is the remainder when 83 is divided by 34?
15
What is the remainder when 1937 is divided by 223?
153
What is the remainder when 3544 is divided by 1763?
18
Calculate the remainder when 19700 is divided by 469.
2
Calculate the remainder when 40473 is divided by 97.
24
Calculate the remainder when 103926 is divided by 1009.
1008
Calculate the remainder when 393364 is divided by 65560.
4
What is the remainder when 155066 is divided by 1?
0
Calculate the remainder when 810208 is divided by 339.
337
Calculate the remainder when 58276 is divided by 22.
20
What is the remainder when 95341 is divided by 49?
36
What is the remainder when 72067 is divided by 419?
418
What is the remainder when 4657 is divided by 1162?
9
What is the remainder when 393759 is divided by 40?
39
What is the remainder when 8986 is divided by 8929?
57
Calculate the remainder when 38724 is divided by 96.
36
Calculate the remainder when 5657 is divided by 74.
33
What is the remainder when 111852 is divided by 181?
175
What is the remainder when 55483 is divided by 18487?
22
Calculate the remainder when 1247 is divided by 1207.
40
What is the remainder when 4212 is divided by 351?
0
Calculate the remainder when 27974 is divided by 1861.
59
Calculate the remainder when 23207 is divided by 580.
7
Calculate the remainder when 58710 is divided by 15.
0
What is the remainder when 103600 is divided by 322?
238
What is the remainder when 40125